{"id":7250,"date":"2023-03-21T14:14:58","date_gmt":"2023-03-21T13:14:58","guid":{"rendered":"https:\/\/vslg.cz\/aktuality\/logistika-akademickym-pohledem-s-rektorem-vslg\/"},"modified":"2023-03-21T14:14:59","modified_gmt":"2023-03-21T13:14:59","slug":"logistika-akademickym-pohledem-s-rektorem-vslg","status":"publish","type":"aktuality","link":"https:\/\/vslg.cz\/sk\/aktuality\/logistika-akademickym-pohledem-s-rektorem-vslg\/","title":{"rendered":"Logistika akademick\u00fdm pohledem s\u00a0rektorem V\u0160LG"},"content":{"rendered":"\n<p>Rozhovor s\u00a0rektorem Vysok\u00e9 \u0161koly logistiky o logistice, kr\u00e1tk\u00e1 uk\u00e1zka <a href=\"https:\/\/vslg.cz\/wp-content\/uploads\/2022\/12\/Co-lo_Cempirek-1.mp4\" target=\"_blank\" rel=\"noreferrer noopener\">zde<\/a>.<\/p>\n\n<p><\/p>\n\n<p><\/p>\n\n<p>Cel\u00fd rozhovor m\u016f\u017eete vyslechnout na n\u00ed\u017ee uveden\u00fdch odkazech:<\/p>\n\n<p><a href=\"https:\/\/open.spotify.com\/episode\/6tgE8DJiWNk5cgc55Q47Kz?si=wqI9xvNfSFaMr0BzZFfpBA\" target=\"_blank\" rel=\"noreferrer noopener\">SPOTIFY:<\/a> <\/p>\n\n<p><a href=\"https:\/\/podcasts.apple.com\/cz\/podcast\/logistika-akademick%C3%BDm-pohledem-s-prof-v%C3%A1clavem-cemp%C3%ADrkem\/id1555249610?i=1000588114929\" target=\"_blank\" rel=\"noreferrer noopener\">APPLEPODCASTS:<\/a> <\/p>\n\n<p><a href=\"https:\/\/podcasts.google.com\/feed\/aHR0cHM6Ly9mZWVkcy5idXp6c3Byb3V0LmNvbS8xNzE1OTM0LnJzcw\/episode\/QnV6enNwcm91dC0xMTc3MjA3OA?sa=X&amp;ved=0CAUQkfYCahcKEwjIm-LNruz7AhUAAAAAHQAAAAAQAQ\" target=\"_blank\" rel=\"noreferrer noopener\">GOOGLEPODCASTS:<\/a> <\/p>\n\n<p><a href=\"https:\/\/www.buzzsprout.com\/1715934\/11772078\">WEB ODKAZ:<\/a><\/p>\n","protected":false},"excerpt":{"rendered":"<p>Rozhovor s\u00a0rektorem Vysok\u00e9 \u0161koly logistiky o logistice, kr\u00e1tk\u00e1 uk\u00e1zka zde. Cel\u00fd rozhovor m\u016f\u017eete vyslechnout na n\u00ed\u017ee uveden\u00fdch odkazech: SPOTIFY: APPLEPODCASTS: GOOGLEPODCASTS: WEB ODKAZ:<\/p>\n","protected":false},"featured_media":6417,"template":"","kategoria":[11,12],"mesto":[],"skola":[],"class_list":["post-7250","aktuality","type-aktuality","status-publish","has-post-thumbnail","hentry","kategoria-novinky","kategoria-podujatia"],"yoast_head":"<!-- This site is optimized with the Yoast SEO plugin v26.8 - https:\/\/yoast.com\/product\/yoast-seo-wordpress\/ -->\n<title>Logistika akademick\u00fdm pohledem s\u00a0rektorem V\u0160LG - Vysok\u00e1 \u0161kola logistiky o.p.s<\/title>\n<meta name=\"robots\" content=\"index, follow, max-snippet:-1, max-image-preview:large, max-video-preview:-1\" \/>\n<link rel=\"canonical\" href=\"https:\/\/vslg.cz\/sk\/aktuality\/logistika-akademickym-pohledem-s-rektorem-vslg\/\" \/>\n<meta property=\"og:locale\" content=\"sk_SK\" \/>\n<meta property=\"og:type\" content=\"article\" \/>\n<meta property=\"og:title\" content=\"Logistika akademick\u00fdm pohledem s\u00a0rektorem V\u0160LG - Vysok\u00e1 \u0161kola logistiky o.p.s\" \/>\n<meta property=\"og:description\" content=\"Rozhovor s\u00a0rektorem Vysok\u00e9 \u0161koly logistiky o logistice, kr\u00e1tk\u00e1 uk\u00e1zka zde. Cel\u00fd rozhovor m\u016f\u017eete vyslechnout na n\u00ed\u017ee uveden\u00fdch odkazech: SPOTIFY: APPLEPODCASTS: GOOGLEPODCASTS: WEB ODKAZ:\" \/>\n<meta property=\"og:url\" content=\"https:\/\/vslg.cz\/sk\/aktuality\/logistika-akademickym-pohledem-s-rektorem-vslg\/\" \/>\n<meta property=\"og:site_name\" content=\"Vysok\u00e1 \u0161kola logistiky o.p.s\" \/>\n<meta property=\"article:modified_time\" content=\"2023-03-21T13:14:59+00:00\" \/>\n<meta property=\"og:image\" content=\"https:\/\/vslg.cz\/wp-content\/uploads\/2022\/12\/Rektor.png\" \/>\n\t<meta property=\"og:image:width\" content=\"918\" \/>\n\t<meta property=\"og:image:height\" content=\"567\" \/>\n\t<meta property=\"og:image:type\" content=\"image\/png\" \/>\n<meta name=\"twitter:card\" content=\"summary_large_image\" \/>\n<script type=\"application\/ld+json\" class=\"yoast-schema-graph\">{\"@context\":\"https:\/\/schema.org\",\"@graph\":[{\"@type\":\"WebPage\",\"@id\":\"https:\/\/vslg.cz\/sk\/aktuality\/logistika-akademickym-pohledem-s-rektorem-vslg\/\",\"url\":\"https:\/\/vslg.cz\/sk\/aktuality\/logistika-akademickym-pohledem-s-rektorem-vslg\/\",\"name\":\"Logistika akademick\u00fdm pohledem s\u00a0rektorem V\u0160LG - Vysok\u00e1 \u0161kola logistiky o.p.s\",\"isPartOf\":{\"@id\":\"https:\/\/vslg.cz\/sk\/#website\"},\"primaryImageOfPage\":{\"@id\":\"https:\/\/vslg.cz\/sk\/aktuality\/logistika-akademickym-pohledem-s-rektorem-vslg\/#primaryimage\"},\"image\":{\"@id\":\"https:\/\/vslg.cz\/sk\/aktuality\/logistika-akademickym-pohledem-s-rektorem-vslg\/#primaryimage\"},\"thumbnailUrl\":\"https:\/\/vslg.cz\/wp-content\/uploads\/2022\/12\/Rektor.png\",\"datePublished\":\"2023-03-21T13:14:58+00:00\",\"dateModified\":\"2023-03-21T13:14:59+00:00\",\"breadcrumb\":{\"@id\":\"https:\/\/vslg.cz\/sk\/aktuality\/logistika-akademickym-pohledem-s-rektorem-vslg\/#breadcrumb\"},\"inLanguage\":\"sk-SK\",\"potentialAction\":[{\"@type\":\"ReadAction\",\"target\":[\"https:\/\/vslg.cz\/sk\/aktuality\/logistika-akademickym-pohledem-s-rektorem-vslg\/\"]}]},{\"@type\":\"ImageObject\",\"inLanguage\":\"sk-SK\",\"@id\":\"https:\/\/vslg.cz\/sk\/aktuality\/logistika-akademickym-pohledem-s-rektorem-vslg\/#primaryimage\",\"url\":\"https:\/\/vslg.cz\/wp-content\/uploads\/2022\/12\/Rektor.png\",\"contentUrl\":\"https:\/\/vslg.cz\/wp-content\/uploads\/2022\/12\/Rektor.png\",\"width\":918,\"height\":567},{\"@type\":\"BreadcrumbList\",\"@id\":\"https:\/\/vslg.cz\/sk\/aktuality\/logistika-akademickym-pohledem-s-rektorem-vslg\/#breadcrumb\",\"itemListElement\":[{\"@type\":\"ListItem\",\"position\":1,\"name\":\"Vysok\u00e1 \u0161kola logistiky\",\"item\":\"https:\/\/vslg.cz\/sk\/\"},{\"@type\":\"ListItem\",\"position\":2,\"name\":\"Aktuality\",\"item\":\"https:\/\/vslg.cz\/sk\/aktuality\/\"},{\"@type\":\"ListItem\",\"position\":3,\"name\":\"Logistika akademick\u00fdm pohledem s\u00a0rektorem V\u0160LG\"}]},{\"@type\":\"WebSite\",\"@id\":\"https:\/\/vslg.cz\/sk\/#website\",\"url\":\"https:\/\/vslg.cz\/sk\/\",\"name\":\"Vysok\u00e1 \u0161kola logistiky o.p.s\",\"description\":\"Kvalita. Prest\u00ed\u017e. \u00daspech. Prec\u00edznos\u0165.\",\"potentialAction\":[{\"@type\":\"SearchAction\",\"target\":{\"@type\":\"EntryPoint\",\"urlTemplate\":\"https:\/\/vslg.cz\/sk\/?s={search_term_string}\"},\"query-input\":{\"@type\":\"PropertyValueSpecification\",\"valueRequired\":true,\"valueName\":\"search_term_string\"}}],\"inLanguage\":\"sk-SK\"}]}<\/script>\n<!-- \/ Yoast SEO plugin. -->","yoast_head_json":{"title":"Logistika akademick\u00fdm pohledem s\u00a0rektorem V\u0160LG - Vysok\u00e1 \u0161kola logistiky o.p.s","robots":{"index":"index","follow":"follow","max-snippet":"max-snippet:-1","max-image-preview":"max-image-preview:large","max-video-preview":"max-video-preview:-1"},"canonical":"https:\/\/vslg.cz\/sk\/aktuality\/logistika-akademickym-pohledem-s-rektorem-vslg\/","og_locale":"sk_SK","og_type":"article","og_title":"Logistika akademick\u00fdm pohledem s\u00a0rektorem V\u0160LG - Vysok\u00e1 \u0161kola logistiky o.p.s","og_description":"Rozhovor s\u00a0rektorem Vysok\u00e9 \u0161koly logistiky o logistice, kr\u00e1tk\u00e1 uk\u00e1zka zde. Cel\u00fd rozhovor m\u016f\u017eete vyslechnout na n\u00ed\u017ee uveden\u00fdch odkazech: SPOTIFY: APPLEPODCASTS: GOOGLEPODCASTS: WEB ODKAZ:","og_url":"https:\/\/vslg.cz\/sk\/aktuality\/logistika-akademickym-pohledem-s-rektorem-vslg\/","og_site_name":"Vysok\u00e1 \u0161kola logistiky o.p.s","article_modified_time":"2023-03-21T13:14:59+00:00","og_image":[{"width":918,"height":567,"url":"https:\/\/vslg.cz\/wp-content\/uploads\/2022\/12\/Rektor.png","type":"image\/png"}],"twitter_card":"summary_large_image","schema":{"@context":"https:\/\/schema.org","@graph":[{"@type":"WebPage","@id":"https:\/\/vslg.cz\/sk\/aktuality\/logistika-akademickym-pohledem-s-rektorem-vslg\/","url":"https:\/\/vslg.cz\/sk\/aktuality\/logistika-akademickym-pohledem-s-rektorem-vslg\/","name":"Logistika akademick\u00fdm pohledem s\u00a0rektorem V\u0160LG - Vysok\u00e1 \u0161kola logistiky o.p.s","isPartOf":{"@id":"https:\/\/vslg.cz\/sk\/#website"},"primaryImageOfPage":{"@id":"https:\/\/vslg.cz\/sk\/aktuality\/logistika-akademickym-pohledem-s-rektorem-vslg\/#primaryimage"},"image":{"@id":"https:\/\/vslg.cz\/sk\/aktuality\/logistika-akademickym-pohledem-s-rektorem-vslg\/#primaryimage"},"thumbnailUrl":"https:\/\/vslg.cz\/wp-content\/uploads\/2022\/12\/Rektor.png","datePublished":"2023-03-21T13:14:58+00:00","dateModified":"2023-03-21T13:14:59+00:00","breadcrumb":{"@id":"https:\/\/vslg.cz\/sk\/aktuality\/logistika-akademickym-pohledem-s-rektorem-vslg\/#breadcrumb"},"inLanguage":"sk-SK","potentialAction":[{"@type":"ReadAction","target":["https:\/\/vslg.cz\/sk\/aktuality\/logistika-akademickym-pohledem-s-rektorem-vslg\/"]}]},{"@type":"ImageObject","inLanguage":"sk-SK","@id":"https:\/\/vslg.cz\/sk\/aktuality\/logistika-akademickym-pohledem-s-rektorem-vslg\/#primaryimage","url":"https:\/\/vslg.cz\/wp-content\/uploads\/2022\/12\/Rektor.png","contentUrl":"https:\/\/vslg.cz\/wp-content\/uploads\/2022\/12\/Rektor.png","width":918,"height":567},{"@type":"BreadcrumbList","@id":"https:\/\/vslg.cz\/sk\/aktuality\/logistika-akademickym-pohledem-s-rektorem-vslg\/#breadcrumb","itemListElement":[{"@type":"ListItem","position":1,"name":"Vysok\u00e1 \u0161kola logistiky","item":"https:\/\/vslg.cz\/sk\/"},{"@type":"ListItem","position":2,"name":"Aktuality","item":"https:\/\/vslg.cz\/sk\/aktuality\/"},{"@type":"ListItem","position":3,"name":"Logistika akademick\u00fdm pohledem s\u00a0rektorem V\u0160LG"}]},{"@type":"WebSite","@id":"https:\/\/vslg.cz\/sk\/#website","url":"https:\/\/vslg.cz\/sk\/","name":"Vysok\u00e1 \u0161kola logistiky o.p.s","description":"Kvalita. Prest\u00ed\u017e. \u00daspech. Prec\u00edznos\u0165.","potentialAction":[{"@type":"SearchAction","target":{"@type":"EntryPoint","urlTemplate":"https:\/\/vslg.cz\/sk\/?s={search_term_string}"},"query-input":{"@type":"PropertyValueSpecification","valueRequired":true,"valueName":"search_term_string"}}],"inLanguage":"sk-SK"}]}},"meta_box":[],"_links":{"self":[{"href":"https:\/\/vslg.cz\/sk\/wp-json\/wp\/v2\/aktuality\/7250","targetHints":{"allow":["GET"]}}],"collection":[{"href":"https:\/\/vslg.cz\/sk\/wp-json\/wp\/v2\/aktuality"}],"about":[{"href":"https:\/\/vslg.cz\/sk\/wp-json\/wp\/v2\/types\/aktuality"}],"version-history":[{"count":1,"href":"https:\/\/vslg.cz\/sk\/wp-json\/wp\/v2\/aktuality\/7250\/revisions"}],"predecessor-version":[{"id":7251,"href":"https:\/\/vslg.cz\/sk\/wp-json\/wp\/v2\/aktuality\/7250\/revisions\/7251"}],"wp:featuredmedia":[{"embeddable":true,"href":"https:\/\/vslg.cz\/sk\/wp-json\/wp\/v2\/media\/6417"}],"wp:attachment":[{"href":"https:\/\/vslg.cz\/sk\/wp-json\/wp\/v2\/media?parent=7250"}],"wp:term":[{"taxonomy":"kategoria","embeddable":true,"href":"https:\/\/vslg.cz\/sk\/wp-json\/wp\/v2\/kategoria?post=7250"},{"taxonomy":"mesto","embeddable":true,"href":"https:\/\/vslg.cz\/sk\/wp-json\/wp\/v2\/mesto?post=7250"},{"taxonomy":"skola","embeddable":true,"href":"https:\/\/vslg.cz\/sk\/wp-json\/wp\/v2\/skola?post=7250"}],"curies":[{"name":"wp","href":"https:\/\/api.w.org\/{rel}","templated":true}]}}

Logistika akademickým pohledem s rektorem VŠLG

<p>Rozhovor s rektorem Vysoké školy logistiky o logistice, krátká ukázka <a href="https://vslg.cz/wp-content/uploads/2022/12/Co-lo_Cempirek-1.mp4" target="_blank" rel="noreferrer noopener">zde</a>.</p>

<p></p>

<p></p>

<p>Celý rozhovor můžete vyslechnout na níže uvedených odkazech:</p>

<p><a href="https://open.spotify.com/episode/6tgE8DJiWNk5cgc55Q47Kz?si=wqI9xvNfSFaMr0BzZFfpBA" target="_blank" rel="noreferrer noopener">SPOTIFY:</a> </p>

<p><a href="https://podcasts.apple.com/cz/podcast/logistika-akademick%C3%BDm-pohledem-s-prof-v%C3%A1clavem-cemp%C3%ADrkem/id1555249610?i=1000588114929" target="_blank" rel="noreferrer noopener">APPLEPODCASTS:</a> </p>

<p><a href="https://podcasts.google.com/feed/aHR0cHM6Ly9mZWVkcy5idXp6c3Byb3V0LmNvbS8xNzE1OTM0LnJzcw/episode/QnV6enNwcm91dC0xMTc3MjA3OA?sa=X&amp;ved=0CAUQkfYCahcKEwjIm-LNruz7AhUAAAAAHQAAAAAQAQ" target="_blank" rel="noreferrer noopener">GOOGLEPODCASTS:</a> </p>

<p><a href="https://www.buzzsprout.com/1715934/11772078">WEB ODKAZ:</a></p>

<p>Rozhovor s rektorem Vysoké školy logistiky o logistice, krátká ukázka zde. Celý rozhovor můžete vyslechnout na níže uvedených odkazech: SPOTIFY: APPLEPODCASTS: GOOGLEPODCASTS: WEB ODKAZ:</p>

<!-- This site is optimized with the Yoast SEO plugin v26.8 - https://yoast.com/product/yoast-seo-wordpress/ -->
<title>Logistika akademickým pohledem s rektorem VŠLG - Vysoká škola logistiky o.p.s</title>
<meta name="robots" content="index, follow, max-snippet:-1, max-image-preview:large, max-video-preview:-1" />
<link rel="canonical" href="https://vslg.cz/sk/aktuality/logistika-akademickym-pohledem-s-rektorem-vslg/" />
<meta property="og:locale" content="sk_SK" />
<meta property="og:type" content="article" />
<meta property="og:title" content="Logistika akademickým pohledem s rektorem VŠLG - Vysoká škola logistiky o.p.s" />
<meta property="og:description" content="Rozhovor s rektorem Vysoké školy logistiky o logistice, krátká ukázka zde. Celý rozhovor můžete vyslechnout na níže uvedených odkazech: SPOTIFY: APPLEPODCASTS: GOOGLEPODCASTS: WEB ODKAZ:" />
<meta property="og:url" content="https://vslg.cz/sk/aktuality/logistika-akademickym-pohledem-s-rektorem-vslg/" />
<meta property="og:site_name" content="Vysoká škola logistiky o.p.s" />
<meta property="article:modified_time" content="2023-03-21T13:14:59+00:00" />
<meta property="og:image" content="https://vslg.cz/wp-content/uploads/2022/12/Rektor.png" />
	<meta property="og:image:width" content="918" />
	<meta property="og:image:height" content="567" />
	<meta property="og:image:type" content="image/png" />
<meta name="twitter:card" content="summary_large_image" />
<script type="application/ld+json" class="yoast-schema-graph">{"@context":"https://schema.org","@graph":[{"@type":"WebPage","@id":"https://vslg.cz/sk/aktuality/logistika-akademickym-pohledem-s-rektorem-vslg/","url":"https://vslg.cz/sk/aktuality/logistika-akademickym-pohledem-s-rektorem-vslg/","name":"Logistika akademickým pohledem s rektorem VŠLG - Vysoká škola logistiky o.p.s","isPartOf":{"@id":"https://vslg.cz/sk/#website"},"primaryImageOfPage":{"@id":"https://vslg.cz/sk/aktuality/logistika-akademickym-pohledem-s-rektorem-vslg/#primaryimage"},"image":{"@id":"https://vslg.cz/sk/aktuality/logistika-akademickym-pohledem-s-rektorem-vslg/#primaryimage"},"thumbnailUrl":"https://vslg.cz/wp-content/uploads/2022/12/Rektor.png","datePublished":"2023-03-21T13:14:58+00:00","dateModified":"2023-03-21T13:14:59+00:00","breadcrumb":{"@id":"https://vslg.cz/sk/aktuality/logistika-akademickym-pohledem-s-rektorem-vslg/#breadcrumb"},"inLanguage":"sk-SK","potentialAction":[{"@type":"ReadAction","target":["https://vslg.cz/sk/aktuality/logistika-akademickym-pohledem-s-rektorem-vslg/"]}]},{"@type":"ImageObject","inLanguage":"sk-SK","@id":"https://vslg.cz/sk/aktuality/logistika-akademickym-pohledem-s-rektorem-vslg/#primaryimage","url":"https://vslg.cz/wp-content/uploads/2022/12/Rektor.png","contentUrl":"https://vslg.cz/wp-content/uploads/2022/12/Rektor.png","width":918,"height":567},{"@type":"BreadcrumbList","@id":"https://vslg.cz/sk/aktuality/logistika-akademickym-pohledem-s-rektorem-vslg/#breadcrumb","itemListElement":[{"@type":"ListItem","position":1,"name":"Vysoká škola logistiky","item":"https://vslg.cz/sk/"},{"@type":"ListItem","position":2,"name":"Aktuality","item":"https://vslg.cz/sk/aktuality/"},{"@type":"ListItem","position":3,"name":"Logistika akademickým pohledem s rektorem VŠLG"}]},{"@type":"WebSite","@id":"https://vslg.cz/sk/#website","url":"https://vslg.cz/sk/","name":"Vysoká škola logistiky o.p.s","description":"Kvalita. Prestíž. Úspech. Precíznosť.","potentialAction":[{"@type":"SearchAction","target":{"@type":"EntryPoint","urlTemplate":"https://vslg.cz/sk/?s={search_term_string}"},"query-input":{"@type":"PropertyValueSpecification","valueRequired":true,"valueName":"search_term_string"}}],"inLanguage":"sk-SK"}]}</script>
<!-- / Yoast SEO plugin. -->

Logistika akademickým pohledem s rektorem VŠLG - Vysoká škola logistiky o.p.s

Rozhovor s rektorem Vysoké školy logistiky o logistice, krátká ukázka zde. Celý rozhovor můžete vyslechnout na níže uvedených odkazech: SPOTIFY: APPLEPODCASTS: GOOGLEPODCASTS: WEB ODKAZ:

Vysoká škola logistiky o.p.s

Vysoká škola logistiky

Kvalita. Prestíž. Úspech. Precíznosť.
